{"id":51,"date":"2020-09-01T12:07:39","date_gmt":"2020-09-01T12:07:39","guid":{"rendered":"https:\/\/lms.ffzg.unizg.hr\/?page_id=51"},"modified":"2020-09-04T19:40:14","modified_gmt":"2020-09-04T19:40:14","slug":"organizers","status":"publish","type":"page","link":"https:\/\/lms.ffzg.unizg.hr\/index.php\/organizers\/","title":{"rendered":"Organizers"},"content":{"rendered":"\n<div class=\"wp-block-cover alignwide has-background-dim-20 has-background-dim is-position-center-center\" style=\"background-image:url(https:\/\/lms.ffzg.unizg.hr\/wp-content\/uploads\/2020\/09\/zagreb-5.jpg);background-position:79% 37%;min-height:235px\"><div class=\"wp-block-cover__inner-container is-layout-flow wp-block-cover-is-layout-flow\">\n<p class=\"has-text-align-center has-text-color\" style=\"line-height:1.1;font-size:40px;color:#fffffa\"><strong>STANDARDIZATION<\/strong><br><strong>AS LANGUAGE MANAGEMENT<\/strong><\/p>\n\n\n\n<p class=\"has-text-align-center\" style=\"font-size:23px\">7th International Language Management Symposium<\/p>\n<\/div><\/div>\n\n\n\n<p><\/p>\n\n\n\n<p><strong>Scientific committee<\/strong><\/p>\n\n\n\n<ul><li>Nor Liza Ali (University Teknologi Malaysia, Kuala Lumpur)<\/li><li>Lisa Fairbrother (Sophia University, Tokyo)<\/li><li>Milan Feren\u010d\u00edk (University of Pre\u0161ov)<\/li><li>Obaidul Hamid (The University of Queensland, Brisbane)<\/li><li>Shanhua He (Yangzhou University)<\/li><li>Nobuhle Hlongwa (University of KwaZulu-Natal, Durban)<\/li><li>Goro Christoph Kimura (Sophia University, Tokyo)<\/li><li>Istv\u00e1n Lansty\u00e1k (Comenius University, Bratislava)<\/li><li>Hidehiro Muraoka (Chiba University)<\/li><li>Marek Nekula (University of Regensburg)<\/li><li>Ji\u0159\u00ed Nekvapil (Charles University, Prague)<\/li><li>Hiroyuki Nemoto (Ritsumeikan University, Kyoto)<\/li><li>Anita Peti-Stanti\u0107 (University of Zagreb)<\/li><li>Tamah Sherman (Czech Academy of Sciences, Prague)<\/li><li>Hotimir Tivadar (University of Ljubljana)<\/li><li>Petar Vukovi\u0107 (University of Zagreb)<\/li><\/ul>\n\n\n\n<p><strong>Local organizing committee<\/strong><\/p>\n\n\n\n<ul><li>Petar Vukovi\u0107 (chair) (University of Zagreb)<\/li><li>Kristina Katalini\u0107 (University of Zagreb)<\/li><li>Mihaela Mate\u0161i\u0107 (University of Rijeka)<\/li><li>Kre\u0161imir Mi\u0107anovi\u0107 (University of Zagreb)<\/li><li>An\u0111el Star\u010devi\u0107 (University of Zagreb)<\/li><li>V\u00edt Dovalil (Charles University, Prague)<\/li><li>Mari\u00e1n Sloboda (Charles University, Prague)<\/li><\/ul>\n\n\n\n<p>The conference is co-funded by <a href=\"https:\/\/kreas.ff.cuni.cz\/en\/\" data-type=\"URL\" data-id=\"https:\/\/kreas.ff.cuni.cz\/en\/\" target=\"_blank\" rel=\"noreferrer noopener\">KREAS<\/a>.<\/p>\n","protected":false},"excerpt":{"rendered":"<p>Scientific committee Nor Liza Ali (University Teknologi Malaysia, Kuala Lumpur) Lisa Fairbrother (Sophia University, Tokyo) Milan Feren\u010d\u00edk (University of Pre\u0161ov) Obaidul Hamid (The University of Queensland, Brisbane) Shanhua He (Yangzhou University) Nobuhle Hlongwa (University of KwaZulu-Natal, Durban) Goro Christoph Kimura (Sophia University, Tokyo) Istv\u00e1n Lansty\u00e1k (Comenius University, Bratislava) Hidehiro Muraoka (Chiba University) Marek Nekula (University [&hellip;]<\/p>\n","protected":false},"author":1,"featured_media":0,"parent":0,"menu_order":0,"comment_status":"closed","ping_status":"closed","template":"","meta":{"footnotes":""},"_links":{"self":[{"href":"https:\/\/lms.ffzg.unizg.hr\/index.php\/wp-json\/wp\/v2\/pages\/51"}],"collection":[{"href":"https:\/\/lms.ffzg.unizg.hr\/index.php\/wp-json\/wp\/v2\/pages"}],"about":[{"href":"https:\/\/lms.ffzg.unizg.hr\/index.php\/wp-json\/wp\/v2\/types\/page"}],"author":[{"embeddable":true,"href":"https:\/\/lms.ffzg.unizg.hr\/index.php\/wp-json\/wp\/v2\/users\/1"}],"replies":[{"embeddable":true,"href":"https:\/\/lms.ffzg.unizg.hr\/index.php\/wp-json\/wp\/v2\/comments?post=51"}],"version-history":[{"count":5,"href":"https:\/\/lms.ffzg.unizg.hr\/index.php\/wp-json\/wp\/v2\/pages\/51\/revisions"}],"predecessor-version":[{"id":165,"href":"https:\/\/lms.ffzg.unizg.hr\/index.php\/wp-json\/wp\/v2\/pages\/51\/revisions\/165"}],"wp:attachment":[{"href":"https:\/\/lms.ffzg.unizg.hr\/index.php\/wp-json\/wp\/v2\/media?parent=51"}],"curies":[{"name":"wp","href":"https:\/\/api.w.org\/{rel}","templated":true}]}}