{"id":52,"date":"2020-09-01T12:08:20","date_gmt":"2020-09-01T12:08:20","guid":{"rendered":"https:\/\/lms.ffzg.unizg.hr\/?page_id=52"},"modified":"2021-08-31T13:55:12","modified_gmt":"2021-08-31T13:55:12","slug":"speakers","status":"publish","type":"page","link":"https:\/\/lms.ffzg.unizg.hr\/index.php\/speakers\/","title":{"rendered":"Program"},"content":{"rendered":"\n<div class=\"wp-block-cover alignwide has-background-dim-20 has-background-dim is-position-center-center\" style=\"background-image:url(https:\/\/lms.ffzg.unizg.hr\/wp-content\/uploads\/2020\/09\/zagreb-5.jpg);background-position:79% 37%;min-height:235px\"><div class=\"wp-block-cover__inner-container is-layout-flow wp-block-cover-is-layout-flow\">\n<p class=\"has-text-align-center has-text-color\" style=\"line-height:1.1;font-size:40px;color:#fffffa\"><strong>STANDARDIZATION<\/strong><br><strong>AS LANGUAGE MANAGEMENT<\/strong><\/p>\n\n\n\n<p class=\"has-text-align-center\" style=\"font-size:23px\">7th International Language Management Symposium<\/p>\n<\/div><\/div>\n\n\n\n<p><\/p>\n\n\n\n<p class=\"has-large-font-size\"><strong>Program<\/strong><\/p>\n\n\n\n<p class=\"has-text-align-right\"><a href=\"https:\/\/ffzghr-my.sharepoint.com\/:b:\/g\/personal\/pvukovic_m_ffzg_hr\/EbsQWZccW69PsfkqhZ43BwcBhmBrQzHYGo0W0DDgKS8dag?e=RvMry9\" data-type=\"URL\" data-id=\"https:\/\/ffzghr-my.sharepoint.com\/:b:\/g\/personal\/pvukovic_m_ffzg_hr\/EbsQWZccW69PsfkqhZ43BwcBhmBrQzHYGo0W0DDgKS8dag?e=RvMry9\" target=\"_blank\" rel=\"noreferrer noopener\">Book of abstracts<\/a><\/p>\n\n\n\n<figure class=\"wp-block-table\"><table><tbody><tr><td><strong>Day 1:&nbsp; Monday, August 30, 2021<\/strong><\/td><\/tr><tr><td>9:10&nbsp;&nbsp; <strong>Opening<\/strong><\/td><\/tr><tr><td>9:30&nbsp;&nbsp; <strong>Bj\u00f6rn Jernudd &nbsp;<\/strong>(Washington, D. C., USA) Exploring approaches to standards, standard language and standardization in language management (Invited talk)<\/td><\/tr><\/tbody><\/table><\/figure>\n\n\n\n<div class=\"wp-block-media-text alignwide is-stacked-on-mobile is-image-fill\"><figure class=\"wp-block-media-text__media\" style=\"background-image:url(https:\/\/lms.ffzg.unizg.hr\/wp-content\/uploads\/2020\/09\/jernudd1.jpg);background-position:74% 12%\"><img decoding=\"async\" loading=\"lazy\" width=\"360\" height=\"480\" src=\"https:\/\/lms.ffzg.unizg.hr\/wp-content\/uploads\/2020\/09\/jernudd1.jpg\" alt=\"\" class=\"wp-image-167\" srcset=\"https:\/\/lms.ffzg.unizg.hr\/wp-content\/uploads\/2020\/09\/jernudd1.jpg 360w, https:\/\/lms.ffzg.unizg.hr\/wp-content\/uploads\/2020\/09\/jernudd1-225x300.jpg 225w\" sizes=\"(max-width: 360px) 100vw, 360px\" \/><\/figure><div class=\"wp-block-media-text__content\">\n<h1 class=\"wp-block-heading\" id=\"h.pi3iuvglly76\"><strong>Bj\u00f6rn H. Jernudd<\/strong><\/h1>\n\n\n\n<p>Independent Scholar, Washington D. C.<br><a rel=\"noreferrer noopener\" href=\"http:\/\/www.google.com\/url?q=http%3A%2F%2Flanguagemanagement.ff.cuni.cz%2Fjernudd&amp;sa=D&amp;sntz=1&amp;usg=AFQjCNEpCHZM-JrKDVFJkPtut8Se76fDYw\" target=\"_blank\">profile<\/a><\/p>\n<\/div><\/div>\n\n\n\n<figure class=\"wp-block-table\"><table><tbody><tr><td><strong>Session 1<\/strong><br>Chair: Petar Vukovi\u0107<\/td><\/tr><tr><td>10:15&nbsp;&nbsp; <strong>Martin Bene\u0161 <\/strong>(Prague, Czechia) Language planning and two levels of linguistic knowledge<\/td><\/tr><tr><td>10:45&nbsp;&nbsp; <strong>Aleksandra Savi\u0107<\/strong> (Belgrade, Serbia) Language policy as public policy \u2013 combining theories<\/td><\/tr><tr><td>11:15&nbsp;&nbsp; <strong>Kamila Smejkalov\u00e1<\/strong> (Prague, Czechia) Requirements for stricter language standardization: Specific type of post-interaction management<\/td><\/tr><\/tbody><\/table><\/figure>\n\n\n\n<p>Break (11:45-12:00)<\/p>\n\n\n\n<figure class=\"wp-block-table\"><table><tbody><tr><td><strong>Session 2<\/strong><br>Chair: Mari\u00e1n Sloboda<\/td><\/tr><tr><td>12:00&nbsp;&nbsp; <strong>Zs\u00f3fia Lud\u00e1nyi<\/strong> <strong>and \u00c1gnes Domonkosi<\/strong><strong> <\/strong>(Budapest, Hungary) Standard ideology as a source of language problems in the language diaries of Hungarian students<\/td><\/tr><tr><td>12:30&nbsp;&nbsp; <strong>Alenka Valh Lopert<\/strong> (Maribor, Slovenia) Non-professional speakers\u2019 communication on Maribor radio stations<\/td><\/tr><tr><td>13:00&nbsp;&nbsp; <strong>Ji\u0159\u00ed Nekvapil <\/strong>(Prague, Czechia) How to write about Jews in Czech: The new letter \u201cmiddle \u017e\u201d as an avoidance strategy<\/td><\/tr><\/tbody><\/table><\/figure>\n\n\n\n<p>Break (13:30\u201315:00)<\/p>\n\n\n\n<figure class=\"wp-block-table\"><table><tbody><tr><td><strong>Session 3<\/strong><br>Chair: Ji\u0159\u00ed Nekvapil<\/td><\/tr><tr><td>15:00&nbsp;&nbsp; <strong>Olushola B. Are<\/strong> (Akungba-Akoko, Nigeria) Standardizing Nigerian pidgin: Issues, challenges and prospects<\/td><\/tr><tr><td>15:30&nbsp;&nbsp; <strong>V\u00edt Dovalil<\/strong> (Prague, Czechia) Formation of pluricentric languages as a case of language standardization<\/td><\/tr><tr><td>16:00&nbsp;&nbsp; <strong>Petar Vukovi\u0107 <\/strong>(Zagreb, Croatia) Failed reforms of Russian and Czech spelling of the 1960s: LMT perspective<\/td><\/tr><tr><td>16:30&nbsp;&nbsp; Day 1 closes&nbsp;&nbsp;&nbsp;&nbsp;&nbsp;&nbsp;&nbsp;&nbsp;&nbsp;&nbsp;&nbsp;&nbsp;&nbsp;&nbsp;&nbsp;&nbsp;&nbsp;&nbsp;&nbsp;&nbsp;&nbsp;&nbsp;&nbsp;&nbsp;&nbsp;&nbsp;&nbsp;&nbsp;&nbsp;&nbsp;&nbsp;&nbsp;&nbsp;&nbsp;&nbsp;&nbsp;&nbsp;&nbsp;&nbsp;&nbsp;&nbsp;&nbsp;&nbsp;&nbsp;<\/td><\/tr><\/tbody><\/table><\/figure>\n\n\n\n<figure class=\"wp-block-table\"><table><tbody><tr><td><strong>Day 2:&nbsp; Tuesday, August 31, 2021<\/strong><\/td><\/tr><tr><td>9:10&nbsp;&nbsp; <strong>Marko Stabej <\/strong>(Ljubljana, Slovenia) Language standardization in Slovenia: We still haven&#8217;t (quite) found what we&#8217;re looking for (Invited talk)<\/td><\/tr><\/tbody><\/table><\/figure>\n\n\n\n<div class=\"wp-block-media-text alignwide is-stacked-on-mobile is-image-fill\"><figure class=\"wp-block-media-text__media\" style=\"background-image:url(https:\/\/lms.ffzg.unizg.hr\/wp-content\/uploads\/2020\/09\/stabej.jpg);background-position:69% 33%\"><img decoding=\"async\" loading=\"lazy\" width=\"610\" height=\"400\" src=\"https:\/\/lms.ffzg.unizg.hr\/wp-content\/uploads\/2020\/09\/stabej.jpg\" alt=\"\" class=\"wp-image-111\" srcset=\"https:\/\/lms.ffzg.unizg.hr\/wp-content\/uploads\/2020\/09\/stabej.jpg 610w, https:\/\/lms.ffzg.unizg.hr\/wp-content\/uploads\/2020\/09\/stabej-300x197.jpg 300w\" sizes=\"(max-width: 610px) 100vw, 610px\" \/><\/figure><div class=\"wp-block-media-text__content\">\n<h1 class=\"wp-block-heading\" id=\"h.fw1bqeglqyg0\"><strong>Marko Stabej<\/strong><\/h1>\n\n\n\n<p>University of Ljubljana<br><a rel=\"noreferrer noopener\" href=\"https:\/\/www.google.com\/url?q=https%3A%2F%2Fsl.wikipedia.org%2Fwiki%2FMarko_Stabej&amp;sa=D&amp;sntz=1&amp;usg=AFQjCNHiTvVO-HH1a5-YRjWqvx7lwNKfSQ\" target=\"_blank\">profile<\/a><\/p>\n<\/div><\/div>\n\n\n\n<figure class=\"wp-block-table\"><table><tbody><tr><td><strong>Session 4<\/strong><br>Chair: V\u00edt Dovalil<\/td><\/tr><tr><td>10:15&nbsp;&nbsp; <strong>Goro Christoph Kimura <\/strong>(Tokyo, Japan) Simplified language: for whom? \u2013 A comparison between \u201cYasashii Nihongo\u201d (Simplified Japanese) and \u201cLeichte Sprache\u201d (Easy&nbsp; German)<\/td><\/tr><tr><td>10:45&nbsp;&nbsp; <strong>Emi Murata-Margetic <\/strong>(Zagreb, Croatia) The Japan foundation&#8217;s JF-standard practice based on the Common European framework of reference for languages \u2013 The transformation of Japanese language education and Japanese language education in Croatia<\/td><\/tr><tr><td>&nbsp; Break (11:15-11:30)<\/td><\/tr><tr><td>11:30&nbsp;&nbsp; <strong>Tamah Sherman and Ji\u0159\u00ed Homol\u00e1\u010d<\/strong> (Prague, Czechia) Language testing for immigrants: Standardizing trajectories of language acquisition and use?<\/td><\/tr><tr><td>12:00&nbsp;&nbsp; <strong>Lisa Fairbrother<\/strong> (Tokyo, Japan) Problems relating to insufficient language standardization in digitalization: The case of \u2018non-standard\u2019 names in Japan<\/td><\/tr><\/tbody><\/table><\/figure>\n\n\n\n<p>Break (12:30\u201314:00)<\/p>\n\n\n\n<figure class=\"wp-block-table\"><table><tbody><tr><td><strong>Session 5<\/strong><br>Chair: Tamah Sherman<\/td><\/tr><tr><td>14:00&nbsp;&nbsp; <strong>Oliver Currie<\/strong> (Ljubljana, Slovenia) Language management and language maintenance: the twin challenge of language planning for minoritized languages<\/td><\/tr><tr><td>14:30&nbsp;&nbsp; <strong>Zuzana T\u00fdrov\u00e1<\/strong> (Novi Sad, Serbia) Language management and language problems in Vojvodina, Serbia: the case of Slovak<\/td><\/tr><tr><td>Break (15:00\u201315:15)<\/td><\/tr><tr><td>15:15&nbsp;&nbsp; <strong>Sean Meades <\/strong>(Sault Ste. Marie, Canada) Language management and state formation in the Canadian white settler colony<\/td><\/tr><tr><td>15:45&nbsp;&nbsp; <strong>Tobias Weber<\/strong><strong> <\/strong>(Munich, Germany) Coming to terms: Research on standardisation in minority languages between language documentation, sociolinguistics, and education research<\/td><\/tr><tr><td>&nbsp;&nbsp;&nbsp;&nbsp;&nbsp;&nbsp;&nbsp;&nbsp;&nbsp;&nbsp;&nbsp;&nbsp;&nbsp;&nbsp;&nbsp;&nbsp;&nbsp;&nbsp;&nbsp;&nbsp;&nbsp;&nbsp;&nbsp;&nbsp;&nbsp;&nbsp;&nbsp;&nbsp;&nbsp;&nbsp;&nbsp;&nbsp;&nbsp;&nbsp;&nbsp;&nbsp;&nbsp;&nbsp;&nbsp;&nbsp;&nbsp;&nbsp;&nbsp;&nbsp;&nbsp;&nbsp;&nbsp;&nbsp;&nbsp;&nbsp;&nbsp;&nbsp;&nbsp;&nbsp;&nbsp;&nbsp;&nbsp;&nbsp;&nbsp;&nbsp;&nbsp;&nbsp;&nbsp;&nbsp;&nbsp;&nbsp;&nbsp;&nbsp;&nbsp;&nbsp;&nbsp;&nbsp;&nbsp;&nbsp;<\/td><\/tr><tr><td>16:15\u00a0\u00a0 <strong>Final discussion<\/strong><\/td><\/tr><tr><td>17:00\u00a0\u00a0 Day 2 closes\u00a0\u00a0\u00a0\u00a0\u00a0\u00a0\u00a0\u00a0\u00a0\u00a0\u00a0\u00a0\u00a0\u00a0\u00a0\u00a0\u00a0\u00a0\u00a0\u00a0\u00a0\u00a0\u00a0\u00a0\u00a0\u00a0\u00a0\u00a0\u00a0\u00a0\u00a0\u00a0\u00a0\u00a0\u00a0\u00a0\u00a0\u00a0\u00a0\u00a0\u00a0\u00a0\u00a0\u00a0<\/td><\/tr><\/tbody><\/table><\/figure>\n","protected":false},"excerpt":{"rendered":"<p>Program Book of abstracts Day 1:&nbsp; Monday, August 30, 2021 9:10&nbsp;&nbsp; Opening 9:30&nbsp;&nbsp; Bj\u00f6rn Jernudd &nbsp;(Washington, D. C., USA) Exploring approaches to standards, standard language and standardization in language management (Invited talk) Bj\u00f6rn H. Jernudd Independent Scholar, Washington D. C.profile Session 1Chair: Petar Vukovi\u0107 10:15&nbsp;&nbsp; Martin Bene\u0161 (Prague, Czechia) Language planning and two levels of [&hellip;]<\/p>\n","protected":false},"author":1,"featured_media":0,"parent":0,"menu_order":0,"comment_status":"closed","ping_status":"closed","template":"","meta":{"footnotes":""},"_links":{"self":[{"href":"https:\/\/lms.ffzg.unizg.hr\/index.php\/wp-json\/wp\/v2\/pages\/52"}],"collection":[{"href":"https:\/\/lms.ffzg.unizg.hr\/index.php\/wp-json\/wp\/v2\/pages"}],"about":[{"href":"https:\/\/lms.ffzg.unizg.hr\/index.php\/wp-json\/wp\/v2\/types\/page"}],"author":[{"embeddable":true,"href":"https:\/\/lms.ffzg.unizg.hr\/index.php\/wp-json\/wp\/v2\/users\/1"}],"replies":[{"embeddable":true,"href":"https:\/\/lms.ffzg.unizg.hr\/index.php\/wp-json\/wp\/v2\/comments?post=52"}],"version-history":[{"count":23,"href":"https:\/\/lms.ffzg.unizg.hr\/index.php\/wp-json\/wp\/v2\/pages\/52\/revisions"}],"predecessor-version":[{"id":213,"href":"https:\/\/lms.ffzg.unizg.hr\/index.php\/wp-json\/wp\/v2\/pages\/52\/revisions\/213"}],"wp:attachment":[{"href":"https:\/\/lms.ffzg.unizg.hr\/index.php\/wp-json\/wp\/v2\/media?parent=52"}],"curies":[{"name":"wp","href":"https:\/\/api.w.org\/{rel}","templated":true}]}}